k**4 - 22*k**2 + 0 + 0*k + 3*k**c. Calculate q(0).
18
Suppose -2 = -23*u + 74 - 122. Let r(n) = 4*n**3 + n**2 - 3*n - 2. Give r(u).
-24
Let i(g) be the second derivative of g**5/30 - g**4/8 - g**3/6 - 3*g**2/2 + 2*g + 2. Let b(l) be the first derivative of i(l). Determine b(-3).
26
Let a(r) = -3*r + 2. Let v(p) = -23*p + 17. Let t be 4/(-7 - 1)*12. Let k(i) = t*v(i) + 51*a(i). Let d(j) = -j. Let o(b) = 20*d(b) - k(b). Give o(2).
-10
Let h(b) be the second derivative of 2*b**3/3 + 57*b**2/2 + 9591*b. Determine h(-15).
-3
Let t(m) = 2*m + 4. Let q(f) = -3*f - 6. Let u(g) = -5*q(g) - 8*t(g). Suppose 4 = 4*b + 2*c - 0, 0 = -3*b - 4*c + 8. Give u(b).
-2
Suppose -11*j = 457 - 468. Let p(f) = -5*f**2 + 3*f + 1. Let k(t) = -t**2 + t. Let q(g) = 20*k(g) - 5*p(g). What is q(j)?
5
Let v(f) = -5*f**2 + f. Suppose x - 5*s + s = 118, 3*s = -x + 97. Let b = x - 108. Calculate v(b).
-22
Let y(z) = z**3 + 14*z**2 - z - 12. Suppose 400 = -21*x + 61*x. Suppose -12*d - 70 = 5*l - x*d, -d - 14 = l. Calculate y(l).
2
Let c(f) = -2*f + 3. Let w = -3864 + 3864. Determine c(w).
3
Let s(w) = -6*w + 9. Let v(b) = -4*b + 6. Let j(k) = 5*s(k) - 7*v(k). Suppose 17*g = 14*g + 9. Suppose -13 = -g*t - 4. Calculate j(t).
-3
Let k(b) be the second derivative of -b**4/12 - 3*b**3/2 + 13*b**2/2 - b + 12. Let s be (-2)/(4 + 95/(-25)). Give k(s).
3
Suppose -13*h + 11*h + 10 = 0. Suppose 5*f - 25 = 3*d, -h*d = -5*f + f + 33. Let x(y) = -43 + 2*y + 0*y**3 - y**2 + 85 - y**2 + 3*y**3 - 43. Determine x(f).
19
Let s(i) = -i**2 + 7*i + 13. Suppose 44*u - 129 = 135. Give s(u).
19
Let k(j) = 7*j - 1. Let l(r) = 2*r - 3. Let m(c) = k(c) - 4*l(c). Let i be (-5 - -7)*-3*2/(-4). Suppose -52 = -d - i*d. What is m(d)?
-2
Suppose -5*m + 85 = -5. Let g be (-4)/m + 2/((-36)/(-238)). Suppose -g - 7 = -5*c. Let o(y) = -y**3 + 5*y**2 - 3*y + 2. Calculate o(c).
6
Let x be 4/(-10) - (-1)/((-80)/48). Let y(d) = -5 + 2*d**2 + 6 + 4*d**3 + 2*d - 3*d**3 + 0*d**3. Calculate y(x).
0
Let n(d) be the first derivative of -d**4/4 - 19*d**3/3 + 22*d**2 + 36*d - 191. What is n(-21)?
-6
Let i(x) = x**2 + 5*x. Let w(l) = l**2 + 4*l + 3. Let v be w(-3). Suppose 18*z - 18 = 12*z. Let p be (v - 3)/(4 - z). Calculate i(p).
-6
Suppose -5*i + 2*v = 16, -7*v = -5*i - 2*v - 10. Let q(n) be the third derivative of -4*n - 5/24*n**4 + 1/6*n**3 - 5*n**2 + 0 - 1/60*n**5. Determine q(i).
5
Suppose c = 10*k - 8*k, -4 = 2*k. Let h(p) = -3*p**2 + 2*p - p**3 - 2*p - 5. Calculate h(c).
11
Let j(p) be the first derivative of -p**3/3 + 4*p**2 - 2*p - 558. Let g(o) = 2*o - 2. Let i be g(5). Determine j(i).
-2
Let n(v) = 7*v**2 - 16*v - 20. Let r be (-2 - -13)*(-5 - -4). Let z(x) = 13*x**2 - 31*x - 39. Let a(y) = r*n(y) + 6*z(y). Give a(11).
-3
Let h(j) = -53*j + 872. Let p(b) = -134. Let s(x) = -h(x) - 5*p(x). Give s(4).
10
Suppose 996 = 121*y + 45*y. Let d(r) = -r**3 + 4*r**2 + 15*r - 9. Determine d(y).
9
Suppose 0 = -l + 4*l. Suppose -4*b + 8 = -l*b. Suppose b + 1 = 3*d. Let x(r) = -12*r. Calculate x(d).
-12
Let q(f) = 16*f - 1 + 9*f - 26*f + 3. Let s be (-1 + 0)*711/79. Determine q(s).
11
Let z(r) = 42*r**2 + 8*r + 26. Let h(g) = 23*g**2 + 4*g + 13. Let c(s) = 11*h(s) - 6*z(s). Give c(5).
-8
Let d(q) be the third derivative of -q**4/6 + 67*q**3/6 + 144*q**2 - 5*q. Give d(19).
-9
Let j(f) = 755 + 3*f - 2882 + 756 + 748 + 627. Let m be (-33)/5 - (-4)/(-10). Determine j(m).
-17
Let q(t) be the second derivative of -t**5/10 - 3*t**4 + 20*t**3/3 + 10*t**2 + 9825*t. Calculate q(-19).
-18
Let d(u) = u**2 - u + 4. Let c(y) = 44*y**2 - 36*y + 108. Let a(v) = 15*v**2 - 12*v + 36. Let m(s) = -14*a(s) + 5*c(s). Let n(p) = 8*d(p) - m(p). Give n(-4).
-52
Let k(o) = -3355 + o - 3365 + 0*o + 6750. Determine k(-35).
-5
Let f(j) = 3*j**2 - 3*j - 5. Suppose -20 = 244*l - 234*l. What is f(l)?
13
Suppose -8 - 4 = 4*g. Let o(v) be the third derivative of v**5/30 + v**4/8 + v**3/3 - 838*v**2 - v. Calculate o(g).
11
Let i be 6/(-1) - 4/(-2). Let a(p) = 1 + 13 - 1 + p - 15 - 9*p. Let u(j) = 3*j + 1. Let d(c) = i*a(c) - 11*u(c). Give d(-7).
4
Let z(i) = -i**2 - 4*i + 1. Let b be (-48)/(-12) + 5/(10/336). Suppose -m - 3*v - 15 = 21, -b = 4*m - 2*v. Let x = m + 37. What is z(x)?
-4
Suppose -5*b - 23 = -13. Let m be 0 + b/2 + (6 - -1). Suppose 7*x - m - 22 = 0. Let n(u) = -u - 1. What is n(x)?
-5
Let f(n) = 3*n**3 - 6*n**2 - 2*n - 1. Let g = -11527 + 11529. What is f(g)?
-5
Let u(n) = 369*n - 274 + 266 + n**2 - 364*n. Determine u(-6).
-2
Let j(q) = 5*q**2 + 3*q + 1. Let h(f) = 23*f**2 + 13*f + 71. Let r(p) = h(p) - 4*j(p). What is r(0)?
67
Let m be 2/((-1)/(-1)) - 2. Suppose -3*z + 4*i + 12 = 0, m = i - 3*i. Let l(x) = x**3 - 4*x**2 + 3*x + 2. Calculate l(z).
14
Let k(u) = -797 + 403 - u**2 + 2*u**2 + 374. Give k(6).
16
Let y(m) = -13*m**3 - 21*m**2 - 34*m - 65. Let c(q) = 15*q**3 + 22*q**2 + 35*q + 72. Let u(s) = 6*c(s) + 7*y(s). Determine u(-13).
3
Let g(s) be the first derivative of -s**4/4 - s**3 + 6*s**2 + 29*s - 2256. Give g(-4).
-3
Let s(m) = -96*m + 4. Let z(h) = 206*h - 7. Let g(j) = -5*s(j) - 2*z(j). What is g(0)?
-6
Let s(l) be the third derivative of -l**6/240 + 7*l**4/24 + l**3/6 + 67*l**2. Let x(d) be the second derivative of s(d). Determine x(-2).
6
Let b be ((-128)/112)/(8/(-7) + 1). Suppose 15*q = b*q + 21. Let j(l) = -l**3 + 5*l**2 - 4. Determine j(q).
14
Let h be ((-134)/(-6))/((-12 - -9)/(-9)). Suppose 0 = -17*w + 12*w + 2*l - 61, -5*w + 4*l = h. Let a(o) = -o**3 + 6 + 2 - 10*o**2 - 2 + 11*o. Give a(w).
6
Let d(v) = -v**3 - 70. Suppose -2 = -5*c - o + 3*o, 2 = -2*c - 2*o. Calculate d(c).
-70
Let p = -205 + 205. Suppose p = 32*k - 36*k + 32. Let f(m) = m - 3. Determine f(k).
5
Let j(y) = 6*y**2 - y - 2. Let c be j(-1). Suppose -12 = -l - c*l. Let x(g) = -41*g - 8. Let f(r) = -14*r - 3. Let m(a) = -17*f(a) + 6*x(a). What is m(l)?
-13
Let s be -27*(30/(-9) - -3). Let k(l) = 33*l**3 - 3*l**2 + l + 7. Let b(w) = -29*w**3 + 4*w**2 - 3*w - 7. Let m(o) = -8*b(o) - 7*k(o). Give m(s).
-2
Let i(z) = -5 + 9 + 7 + 4 + z + 8*z. Determine i(0).
15
Let o = 102 - 96. Suppose -o*x - 10 = -x + 5*m, -x - 2 = 2*m. Let p(g) = -3*g + 1. Determine p(x).
7
Let u(r) = -r**3 + 11*r**2 - 38*r + 9. Let d(s) = s**2 - 8*s + 3. Let w(n) = -4*d(n) + u(n). Let l be (-2)/(-9) - (-416)/72. What is w(l)?
-3
Let z = -6 - 1. Let a(i) = -7*i**3 - 3*i**2 - i. Let s(w) = -41*w**3 - 12*w**2 - 12*w + 3. Let t(n) = -6*a(n) + s(n). Calculate t(z).
-4
Let n(d) = -d**2 - 20*d - 14. Let o = 3291 - 3309. What is n(o)?
22
Let n(d) = -85*d - 1536. Let p be n(-18). Let s(a) = a**2 - 3*a + 0*a**2 + 4*a + 7*a - 7. Calculate s(p).
-19
Let h(x) = -3*x**2 - 3*x + 4. Let d = -32 + -104. Let i = 133 + d. Determine h(i).
-14
Let h(t) = -2*t - 5. Let m(r) = -1. Let b(q) = h(q) - 4*m(q). Let i = -449 + 446. Calculate b(i).
5
Let n(f) = -2*f - 1. Let m be 1/3 - 32/6. Let g = 7 + m. Suppose 3*l + 8 = g*h, 3*h + 2*l + 2 = h. Determine n(h).
-3
Let t(z) be the third derivative of z**5/10 + z**4/3 + 11*z**3/3 + 2354*z**2 - z. Calculate t(-4).
86
Let u be 7 - (43 - 1) - 19/(-19). Let n(r) = 6*r + 204. Determine n(u).
0
Suppose 6*o - 7*o - 355 = s, -2*s + 4*o = 698. Let c = 354 + s. Let r(q) = 3*q - 4*q - 2*q + q. What is r(c)?
-2
Suppose -16 = -3*m - m. Suppose -2*z = 2, 6*y + z = 2*y + 3. Let h = m + y. Let j(p) = -2*p + 5. What is j(h)?
-5
Let d(x) = x**3 + x + 15. Let s be d(0). Suppose -s = -2*g - g. Let w(z) = 2*z**3 + 3*z + 4 - 11*z**3 - 5*z**3 - 6*z**2 + 15*z**3. What is w(g)?
-6
Let b(l) = -254*l**2 - 11*l + l**3 - 5*l**2 + 250*l**2 - 1. Determine b(10).
-11
Let w(j) = 9*j**2 - 2*j + 45. Let x(r) = -20*r**2 + 6*r - 99. Let s(g) = -9*w(g) - 4*x(g). Calculate s(-3).
0
Let r(z) be the third derivative of -z**5/60 - 7*z**4/24 - 4*z**3/3 - 26*z**2 + 22. Calculate r(-7).
-8
Let z(u) = u**2 + 2. Suppose 26*a = 24*a. Suppose a = -2*i - 3*w + 23, 2*i + i = w + 7. Determine z(i).
18
Let i(c) = -c**3 - 4*c**2 - 4*c. Let b(z) = 8*z - 64. Let l be b(9). Suppose l*w + 13 = -11. What is i(w)?
3
Let a(u) be the third derivative of u**6/40 + u**5/30 - u**4/4 + u**3/6 + 26*u**2 - 2*u + 4. Determine a(2).
21
Suppose 5*z = 6 + 14. Let l(u) = 57*u**2 + 8*u - 4. Let w(i) = 134*i**2 + 17*i - 9. Let h(b) = -7*l(b) + 3*w(b). Calculate h(z).
29
Let p(o) = 3*o - 1. Let d = 26 + -24. Suppose -35 = -0*b - 5*b - 5*s, 0 = b - d*s